{"id":288,"date":"2014-12-16T16:17:15","date_gmt":"2014-12-16T22:17:15","guid":{"rendered":"http:\/\/virtualmorelia.com\/projects\/camsa\/?post_type=product&#038;p=288"},"modified":"2026-01-13T10:37:10","modified_gmt":"2026-01-13T16:37:10","slug":"cuerdas-para-laud-mod-70-l","status":"publish","type":"product","link":"https:\/\/cuerdasarmonicas.com.mx\/distribuidores\/productos\/selene\/cuerdas-para-laud\/cuerdas-para-laud-mod-70-l\/","title":{"rendered":"Cuerdas para La\u00fad, Mod. 70-L"},"content":{"rendered":"<p>Instrumento que data del tiempo de la Edad Media, tiene por lo general la cabeza del m\u00e1stil hacia atr\u00e1s y con 6 pares de cuerdas, para interpretar m\u00fasica cl\u00e1sica de trova.<\/p>\n","protected":false},"excerpt":{"rendered":"<table>\n<tbody>\n<tr>\n<td width=\"59\">\u00a0 \u00a0 \u00a01a.<\/td>\n<td width=\"59\">\u00a0 \u00a0 \u00a02a.<\/td>\n<td width=\"59\">\u00a0 \u00a0 \u00a03a.<\/td>\n<td width=\"59\">\u00a0 \u00a0 \u00a04a.<\/td>\n<td width=\"59\">\u00a0 \u00a0 \u00a05a.<\/td>\n<td width=\"59\">\u00a0 \u00a0 \u00a06a.<\/td>\n<\/tr>\n<tr>\n<td width=\"59\">\u00a0 0.012&#8243;<\/td>\n<td width=\"59\">\u00a0 0.014&#8243;<\/td>\n<td width=\"59\">\u00a0 0.022&#8243;<\/td>\n<td width=\"59\">\u00a0 0.027&#8243;<\/td>\n<td width=\"59\">\u00a0 0.037&#8243;<\/td>\n<td width=\"59\">\u00a0 0.042&#8243;<\/td>\n<\/tr>\n<tr>\n<td width=\"59\">\u00a0 \u00a0 \u00a0La<\/td>\n<td width=\"59\">\u00a0 \u00a0 \u00a0Mi<\/td>\n<td width=\"59\">\u00a0 \u00a0 \u00a0Si<\/td>\n<td width=\"59\">\u00a0 \u00a0 \u00a0Fa<\/td>\n<td width=\"59\">\u00a0 \u00a0 \u00a0Do<\/td>\n<td width=\"59\">\u00a0 \u00a0 Sol<\/td>\n<\/tr>\n<\/tbody>\n<\/table>\n","protected":false},"featured_media":6480,"comment_status":"closed","ping_status":"closed","template":"","meta":[],"product_brand":[],"product_cat":[9,163],"product_tag":[],"class_list":{"0":"post-288","1":"product","2":"type-product","3":"status-publish","4":"has-post-thumbnail","6":"product_cat-selene","7":"product_cat-cuerdas-para-laud","8":"pa_material-acero-liso-estanado","9":"pa_material-entorchado-plateado","11":"first","12":"instock","13":"taxable","14":"shipping-taxable","15":"purchasable","16":"product-type-variable"},"_links":{"self":[{"href":"https:\/\/cuerdasarmonicas.com.mx\/distribuidores\/wp-json\/wp\/v2\/product\/288","targetHints":{"allow":["GET"]}}],"collection":[{"href":"https:\/\/cuerdasarmonicas.com.mx\/distribuidores\/wp-json\/wp\/v2\/product"}],"about":[{"href":"https:\/\/cuerdasarmonicas.com.mx\/distribuidores\/wp-json\/wp\/v2\/types\/product"}],"replies":[{"embeddable":true,"href":"https:\/\/cuerdasarmonicas.com.mx\/distribuidores\/wp-json\/wp\/v2\/comments?post=288"}],"wp:featuredmedia":[{"embeddable":true,"href":"https:\/\/cuerdasarmonicas.com.mx\/distribuidores\/wp-json\/wp\/v2\/media\/6480"}],"wp:attachment":[{"href":"https:\/\/cuerdasarmonicas.com.mx\/distribuidores\/wp-json\/wp\/v2\/media?parent=288"}],"wp:term":[{"taxonomy":"product_brand","embeddable":true,"href":"https:\/\/cuerdasarmonicas.com.mx\/distribuidores\/wp-json\/wp\/v2\/product_brand?post=288"},{"taxonomy":"product_cat","embeddable":true,"href":"https:\/\/cuerdasarmonicas.com.mx\/distribuidores\/wp-json\/wp\/v2\/product_cat?post=288"},{"taxonomy":"product_tag","embeddable":true,"href":"https:\/\/cuerdasarmonicas.com.mx\/distribuidores\/wp-json\/wp\/v2\/product_tag?post=288"}],"curies":[{"name":"wp","href":"https:\/\/api.w.org\/{rel}","templated":true}]}}